 - -21*u/2.
2, 5
Let c = 5 - -17. List the prime factors of c.
2, 11
Let x = -82 + 180. Let d = x - 60. List the prime factors of d.
2, 19
Let s(h) be the first derivative of -h**4/4 - 3*h**3 + 5*h**2 + 6*h - 4. What are the prime factors of s(-10)?
2, 3
Let z(a) = -4*a - 10. Let t be z(-10). Suppose b - m = -2*m + t, -5*b + 190 = -5*m. List the prime factors of b.
2, 17
List the prime factors of (-69)/(-9)*(8 - 2).
2, 23
Let d = 22 - 10. What are the prime factors of d?
2, 3
Let d(t) be the second derivative of t**3/3 + 2*t**2 + t. List the prime factors of d(4).
2, 3
Let v(y) = -4*y + 3*y - y + 1 - 3*y. What are the prime factors of v(-2)?
11
Let d(i) = -8 - i**3 + 18 + 2*i**3 - 3*i**2 - 5*i**2. Suppose -4*a + 32 = -h, -4*a + 0*h = -5*h - 32. What are the prime factors of d(a)?
2, 5
Suppose g + 16 = -0*g. Let h = -7 - g. List the prime factors of h.
3
What are the prime factors of (-2)/((-4)/(-81))*-4?
2, 3
Suppose 4*a = -5*b + 196 + 184, -5*a - 263 = -4*b. Suppose -2*j = j - b. Suppose c = -2*c + j. What are the prime factors of c?
2
Let i be (-18)/(-12)*16/(-6). Let k = 9 + i. Let g(y) = y - 2. What are the prime factors of g(k)?
3
Suppose h = -0*h + 12. Suppose -h = p - 4*p. What are the prime factors of p?
2
Let t = 9 + -15. Let f = 15 - 12. What are the prime factors of f/(3/t + 2)?
2
Suppose 3*o - z - 209 = 0, -3*o - 94 = z - 293. List the prime factors of o.
2, 17
Let m be (-16)/24 - (-20)/3. Suppose 0*d + m = -d. Let p = d + 21. List the prime factors of p.
3, 5
Let a = 25 - 13. List the prime factors of 9/3 + (a - 3).
2, 3
Suppose -3*b = -7*v + 3*v + 16, 0 = -3*v - 2*b - 5. Suppose -g = k - 9, -3*g + 3*k + 2 + v = 0. List the prime factors of g.
5
Suppose 0 = 3*s + 5*v - 11, 0*v = 2*s - 4*v. Suppose j - s*i = 14, -2*i + 6*i + 42 = 3*j. Let f = -4 + j. What are the prime factors of f?
2, 5
Let i(f) = 6*f - 1. Let j be i(1). Suppose j*z - 28 = z - 5*u, 2*u = 4*z - 28. List the prime factors of z.
7
Suppose 0*d + 4*d = -2*f + 10, 12 = 4*f + 4*d. Let x(u) = u**2 - u + 4. Let c(m) = m**2 + 1. Let b(n) = 3*c(n) - x(n). What are the prime factors of b(f)?
2
Let q = -6 - -8. Suppose -3*n = 2*w + w + 12, q*w = 5*n - 8. List the prime factors of n + 7 + 4 + -4.
7
Let s = 71 - -20. List the prime factors of s.
7, 13
Suppose -5*z = -188 - 2. What are the prime factors of z?
2, 19
Let k(y) be the second derivative of y**3/6 + 4*y**2 + y. Let q be k(-6). Suppose q*l + 9 = 25. What are the prime factors of l?
2
Let x(h) = -h**2 - 5*h + 92. What are the prime factors of x(0)?
2, 23
Suppose 3*i + t - 5*t = 5, 4*i - 4*t - 4 = 0. Let l = 2 + -3. List the prime factors of 2 + 1 - l/i.
2
Let r(j) = -34*j - 1. Let o be r(-1). Suppose 0*t - o = -5*v - 2*t, 4*v = -2*t + 28. List the prime factors of v.
5
Let q = 16 + 29. Let z = -30 - -30. Suppose 2*d - 3*d + l + 8 = z, 0 = 3*d + 4*l - q. List the prime factors of d.
11
Suppose 8 = z - 2*i, 3 = -z - i - 1. What are the prime factors of 28 - (z + -1 + 2)?
3
Let b(w) = w + 7. Let l be b(-7). Suppose l = 4*g - g - 9. What are the prime factors of g?
3
Suppose 2*w - 50 + 16 = 0. List the prime factors of w.
17
Suppose 5 = 2*w + 2*w + 3*s, 3*w - 9 = -4*s. Let v = w + 18. List the prime factors of v.
17
Let i be 318/27 + 4/18. Suppose 1 = t - i. What are the prime factors of t?
13
Let u be 8/3*(-27)/6. What are the prime factors of (-10)/4*u/10?
3
Let q(r) = r**3 + 9*r**2 - 10*r - 2. Let l be q(-10). List the prime factors of 116/8 + l/4.
2, 7
Let s be (-3)/5 + 140/25. Suppose 0 = -s*m - h + 129, 63 = 3*m - h - 2*h. List the prime factors of m.
5
Let t(c) be the second derivative of c**3/2 - 7*c**2/2 - 4*c. What are the prime factors of t(4)?
5
Let r(s) = -s**3 - 3*s**2 - 2*s - 5. Let p be r(-6). Suppose -5*v + 110 = o + 1, -5*v + 5*o = -p. What are the prime factors of v?
2, 11
Let v(n) = -n**2 + n + 1. Let z(g) = -4*g**2 + 4*g + 1. Let h(i) = 3*v(i) - z(i). Let q = 0 + 0. List the prime factors of h(q).
2
Let y(w) = -w**3 + 5*w**2 + 2*w + 1. What are the prime factors of y(4)?
5
Suppose -4*f + 3 + 17 = 0. Suppose 6*g + f*r = g + 145, -5*g - r = -157. What are the prime factors of g?
2
Let c be (-114)/(-8) + 6/(-24). Let b = c + -29. List the prime factors of 6/b*1*-10.
2
Let g(y) = -y**3 - 6*y**2 - 5*y + 1. Let v be g(-4). Let x = v + 19. Let q = x + 3. List the prime factors of q.
11
Let w be 4/14 + 216/28. Suppose -k - 4*q + 15 = 0, 4*k - 5*q + 57 = 12. Let y = w + k. List the prime factors of y.
3
Suppose 2*j = 36 + 82. What are the prime factors of j?
59
Let r(x) = -x**3 - 6*x**2 - 4*x + 7. Let k be r(-5). Suppose -20 = -k*u + 3*o, 4*u - 5*u + 9 = -o. List the prime factors of u.
7
Let l = 33 - -38. Suppose 3*x + 8 = l. Let h = 34 - x. List the prime factors of h.
13
Let d = 210 - 147. What are the prime factors of d?
3, 7
Let q = -10 - -30. List the prime factors of q.
2, 5
Let r(p) = p**3 - 6*p**2 - 7*p + 8. Let d be -3 + 6 - 1 - 9. Let w = d - -14. What are the prime factors of r(w)?
2
Suppose 107 = 9*y - 8*y. List the prime factors of y.
107
Suppose 6 = -2*g + 4*g. Suppose g*z + 2*w = 79, 0*z = 4*z - w - 87. List the prime factors of z.
23
Let w be 6/(-36) + 934/(-12). Let b = w - -113. List the prime factors of b.
5, 7
List the prime factors of 8 - (1 - (1 - 2)).
2, 3
Suppose -3*z + 2*z + 26 = -5*d, -2*z + 52 = -2*d. Suppose -s = -q + 2*q - z, 0 = -5*q + s + 124. What are the prime factors of q?
5
Let u = 26 + -10. Let y = u - 11. Suppose -37 = -2*t - y*i, 2*t + 1 = 2*i + 3. What are the prime factors of t?
2, 3
Suppose -5*w = -0*w + 5. List the prime factors of (-2 - -3) + (12 - w).
2, 7
Let y be (-4)/16 + (-1426)/(-8). Let g = -121 + y. List the prime factors of g.
3, 19
What are the prime factors of (2 - 5)/(1/(-3))?
3
Let w(i) = 6*i - 6. List the prime factors of w(18).
2, 3, 17
Suppose j = -2*j + 9. Suppose j*g = 123 - 12. What are the prime factors of g?
37
Suppose 0 = 8*d - 6*d - 80. List the prime factors of d.
2, 5
Let m be ((-3)/5)/((-2)/(-10)). List the prime factors of 1*m/(-3)*5.
5
Let d(t) = t**2 + 10*t + 2. Let s(g) = -2*g + 6. Let j be s(-7). Let k be (-2)/8 - 215/j. List the prime factors of d(k).
13
Let w(n) = n - n + n - 3*n + 1. Let f be w(-6). Suppose u - f = -0*u. List the prime factors of u.
13
Suppose -36 = -2*a - 2*a. Let f = -3 + a. What are the prime factors of f?
2, 3
List the prime factors of 1 + -1 - (-45 + 5).
2, 5
Suppose 22*p - 23*p = -5. Let b(f) = -f + 7. What are the prime factors of b(p)?
2
List the prime factors of -4*(-5)/40*18.
3
Suppose -3*t = -6, -5*t = -5*i - 2*t + 114. What are the prime factors of i?
2, 3
Suppose 1940 = 8*v - 3*v. What are the prime factors of v?
2, 97
Let u = 34 - 63. Let x = u + 42. What are the prime factors of x?
13
Let s be 3 + 0 + -2 - -2. What are the prime factors of ((-30)/(-2) - s) + -1?
11
What are the prime factors of 96 - (-3)/6*2?
97
Let q(b) = b**2 - b + 1. Let a be q(2). Suppose 0 = -l + a*l. Suppose -5*o - 9 = 2*x - 38, l = -2*o - 5*x + 20. What are the prime factors of o?
5
Let r(l) = -2*l**3 + 3*l**2 - 2*l + 2. Let p be r(2). Let o(a) = 2*a. Let c(k) = -4*k - 1. Let z(h) = -3*c(h) - 7*o(h). What are the prime factors of z(p)?
3, 5
Let i be 1/(-2) - (-39)/(-6). What are the prime factors of (i + 10)/((-3)/(-37))?
37
Let y(j) = -300*j**3 + 3*j**2 + 3*j + 2. What are the prime factors of y(-1)?
2, 151
Let v = 40 - 20. Let s = 29 - v. List the prime factors of s.
3
Let u(b) = -b**3 + 7*b**2 - b + 9. Suppose -4*k + 26 = 2*q, 0*q - 24 = -4*k - 4*q. Let x be u(k). Suppose 0 = -x*j - 7 + 23. What are the prime factors of j?
2
Suppose 2*m - 3 = 1. Suppose 2*x = g + 129, -m*x + 3*g + 125 = -2*g. Suppose 0 = -5*b + i + x, -5*b - 5*i = -i - 40. What are the prime factors of b?
2, 3
Let a be 1 + (-3 - (0 + -2)). Suppose 0*l - 4*l + 52 = a. List the prime factors of l.
13
Let o be 8 - (0 - (-4 - -1)). Suppose 5*u - 195 = -2*t, o*u - 2*t - 87 = 108. List the prime factors of u.
3, 13
List the prime factors of -7 - -12 - (0 - 252).
257
List the prime factors of ((-28)/8)/(1/(-8)).
2, 7
List the prime factors of (3 - -8)*1 - -2.
13
Let n = 6 + -6. Suppose -28 = -n*k + 2*k. Let z = k + 26. List the prime factors of z.
2, 3
Let r(p) = 2*p**2 + 10*p - 9. List the prime factors of r(10).
3, 97
List the prime factors of (-12)/4*436/(-6).
